e tens digit of z?
8
Let n be (2*67)/((-1 + 10)/9). Suppose 12*r - 3074 = -n. What is the tens digit of r?
4
Let f(m) = 1810*m - 625. What is the tens digit of f(13)?
0
Suppose 7*j = 12*j + 55. What is the tens digit of ((-14)/(-3))/(j/(-33))?
1
Let i(a) = 59*a**3 + 25*a**2 - 142*a - 35. What is the units digit of i(7)?
3
Suppose 5*r + 2*g = -9 - 6, 4*r + 4*g + 24 = 0. Let t be (-86)/(-14) + r/7. Suppose t*v - 344 = -8. What is the tens digit of v?
5
Let o = -887 + 2802. What is the tens digit of o?
1
Suppose -21*x + 18*x - 4*o = 42, -4*x - o = 43. What is the units digit of 1140/24*(-132)/x?
7
Let x(t) = 43*t - 5. Let p be x(0). What is the tens digit of 2208/15 - -2 - 4/p?
5
Let h(q) = -q**2 + 9*q + 4. Let w be h(5). Let c = -24 + w. Suppose 3*u - p - 807 = -u, -5*u - p + 1020 = c. What is the hundreds digit of u?
2
Let h be -2*(-1 + 3 + -3). Suppose 0 = h*q - 88 + 270. Let d = -52 - q. What is the units digit of d?
9
Let g(k) be the first derivative of 5*k**3 + k**2 - k + 10. Let s be g(1). Let m = s + 94. What is the hundreds digit of m?
1
Let o(m) = 10062*m + 24. Let x be o(3). Suppose -92*h + 130*h - x = 0. What is the hundreds digit of h?
7
Let j(v) = -v + 8. Let p be j(0). Let a be p/6*(-4)/(56/(-2373)). What is the tens digit of 3/((12/a)/2)?
1
Let s(x) = 3*x**2 + 48*x + 428. What is the tens digit of s(-50)?
2
What is the ten thousands digit of 6378*24/15 + 41/205?
1
Let c(k) = 23*k - 12. Let s be c(6). Suppose 0 = -t + 4*t + 5*n + 93, -5*t + 3*n = 189. Let g = t + s. What is the tens digit of g?
9
Suppose 4*b - 3*j = 3805, -997 = -b - 4*j - 41. Suppose 2*h = f - b, 0 = -33*f + 32*f + 5*h + 961. What is the hundreds digit of f?
9
Let t(b) = 19*b - 81. Let i be t(-25). Let h = i + 1365. What is the units digit of h?
9
Suppose 11757 = -3*c - 5*t, 2*c + t = 5*t - 7816. What is the tens digit of -9 + (-209)/(-22) - c/4?
7
Let z = -60316 + 117377. What is the thousands digit of z?
7
Let v(m) = 430*m**2 - 81*m + 919. What is the ten thousands digit of v(10)?
4
Suppose -5*k + b + 2*b = -11, -3*b = -9. Let z(s) = -16*s - 724. Let f be z(-60). Suppose r - f = -3*r - 4*t, k*t + 340 = 5*r. What is the units digit of r?
4
Let a = -373 - -375. Suppose 2*r + a*r - 836 = -2*f, -4*r + 1256 = 3*f. What is the tens digit of f?
2
Let h be (0 - -1)/(20/260). Let x = -17 + h. What is the units digit of 1/(((-4)/61)/x)?
1
Suppose -291*c + 936596 = -243*c - 240508. What is the thousands digit of c?
4
Let h = 340 + -179. Suppose h = 3*m - 4*m. Let d = -96 - m. What is the units digit of d?
5
Let n(i) = 1733*i - 17097. What is the hundreds digit of n(32)?
3
Suppose -5*i = -3*t + 29, 0*i = 2*t + i - 2. Suppose -4*m - t*k = -8*k - 55, 2*m + 2*k = 14. Let l(p) = p**2 + p - 17. What is the units digit of l(m)?
3
What is the tens digit of (-12337)/26*(-7)/((-35)/(-10))?
4
Let b = -47 - -60. Let z = -29 + b. Let a = z + 35. What is the units digit of a?
9
Let c be (-20)/(-6)*(-12)/(-10). Let x(l) = -l**2 - 12*l - 9. Let k be x(-11). Suppose 2*v - 122 = -k*j + c*v, 62 = j - 2*v. What is the units digit of j?
0
Suppose 3*v + 11 = -x + 7*v, 4*x - 12 = 2*v. Suppose 3*b = -2*d + 8*b - 1323, -x*d - 3265 = -4*b. What is the units digit of d/(-7) + 7/(98/4)?
3
Suppose 44 = 13*t - 11*t. Suppose -x + t = -24. Suppose 3*k = 4*k - x. What is the units digit of k?
6
Suppose 0*j - 4 = j. Let u = 2452 + -2457. What is the units digit of u + (-468)/j + -1 + 1?
2
Let v(t) = 21*t + 1. Let i(p) = -p**3 - 2*p**2 + 7*p + 1. Let m be i(-4). Let x be v(m). Suppose 60 = -w + x. What is the units digit of w?
6
Let k(p) = 8*p - 147. Let h be k(18). What is the units digit of ((-11992)/(-24) - 11)*h/(-2)?
3
Suppose -160 = -u - 3*u. Let a = -2533 - -2318. What is the hundreds digit of ((-87)/(-2))/(-5 - a/u)?
1
Suppose -2*t = 5*z - 41, 7*z - 38 = 2*z - t. Suppose -4104 = -17*i - z*i. What is the units digit of i?
1
Suppose -3*s + 0*s - i = -17, s = i - 1. Suppose 2*m - 191 = -m + t, 0 = 2*t + s. Suppose 0 = 41*f - 44*f + m. What is the units digit of f?
1
Let p(j) = j**2 + 11*j - 7. Suppose 0 = -6*y - y - 14. Let d(z) = -4*z**2 - 34*z + 21. Let t(l) = y*d(l) - 7*p(l). What is the tens digit of t(17)?
4
Suppose -20*y + 23*y = 5*l - 5, -2*y = 3*l - 3. Let b(i) = 2*i + 2. Let a be b(4). Suppose y = 8*k - a*k + 60. What is the units digit of k?
0
Suppose 2*r + 47 = -773. Let c = -190 - r. What is the units digit of c?
0
Let h = 8042 + -5202. Let c be 1/(-7) + h/35. Let q = c + -27. What is the tens digit of q?
5
Let v = 7718 - 88974. What is the tens digit of 16/(-56) - v/49?
5
Let p(l) = 5*l**2 + 21*l + 178. Let c be (-28)/(-7) + 3 + -16. What is the tens digit of p(c)?
9
Suppose -16*l = 7*l - 46. Let i(w) = 156*w - 2. Let f be i(2). Suppose l*j - f = c, -212 = -3*j + 4*c + 248. What is the hundreds digit of j?
1
Let f be (1/(-3))/(3 + 92/(-30)). Let p be 7/(-35) + (-49)/f. What is the units digit of 20*(-65)/p - -3?
3
Let u(t) = t**3 - 13*t**2 + 13*t + 7. Let c be u(12). Let k(d) = 36*d + 1 - c*d - 8 + 26*d. What is the hundreds digit of k(5)?
2
Let r = -41 - -39. Let b be (-11)/5 + r/(-10). What is the tens digit of 1/((-3)/(-135)) - b?
4
What is the hundreds digit of 8 - (-5114)/(1/1)?
1
Let f = 158 + -161. What is the units digit of 1/(f/(-36))*16?
2
Let q = -34 + 34. Suppose q = 2*a + 235 + 647. Let s = -291 - a. What is the units digit of s?
0
Suppose 5*o + 31440 = 4*j, 2*o = 15*j - 10*j - 39283. What is the units digit of j?
5
Let v(w) = 683*w**2 - 84*w - 19. What is the hundreds digit of v(5)?
6
Let v be (-4)/(3 - 1) + 572. Suppose 2*f - v - 494 = -4*l, 0 = 5*l - 5*f - 1300. What is the tens digit of l?
6
Suppose 0 = 5*z, 0*z = -2*o - z. Suppose -2*v - 4 = o, -10*g - v - 408 = -12*g. What is the hundreds digit of g?
2
Let k = 964 - 674. Let v = -169 + k. What is the hundreds digit of v?
1
Suppose 5*a + 2552 = 4*v, 5*v - 3190 = -3*a - 0*a. What is the tens digit of v?
3
Suppose -3*z - 15 = -21. Suppose -17 = -z*h - g - 6, 4*h - 5*g - 15 = 0. What is the tens digit of (h + (-355)/(-25))*10/3?
6
Let k(p) = 4*p**2 - 2*p - 1. Let c be k(-1). Suppose 2*m = -n + 6*m + 174, 0 = c*n + m - 891. What is the tens digit of n?
7
Suppose -20 = 5*r, 25 = m + r - 6*r. Suppose 4*l = -m*q + 735, -3*l - q + 565 = -0*q. Suppose -4 = -a + l. What is the hundreds digit of a?
1
Suppose -45*j - 29*j + 15631 = -25*j. What is the hundreds digit of j?
3
Let y be (-1044)/(-27) - 2/3. Let x = y - -99. Suppose -v - i = -5*i - x, 5 = -5*i. What is the units digit of v?
3
Let t(m) = -m**2 - 8*m + 42. Let r be t(-12). What is the units digit of 6/(-9)*(r + 10 + -715)?
4
Suppose -74*d + 72*d - 9715 = -h, -15 = 3*d. What is the tens digit of h?
0
Let g = 5584 - 709. Suppose 7*d = g + 1684. What is the units digit of d?
7
Suppose -2*o - 3*o = -12*o + 2821. What is the units digit of o?
3
Let g be 7 - 8 - -3 - -750. Let q = -338 + g. What is the units digit of q?
4
Let z(a) = 173*a + 3066. What is the tens digit of z(-10)?
3
Let t be (1 - (1 + 0))*-1. Suppose 12 = 3*q, m + q = 5*q + 253. Suppose -u + 2*u - m = t. What is the tens digit of u?
6
Let m = -34 - -44. Let u be (-5)/(5/2) - (-30)/m. Let i(v) = 2*v**3 - v**2 - v + 1. What is the units digit of i(u)?
1
Suppose 3*c = -5*g + 86, 0 = -4*g + 4*c - 8 + 64. Suppose -13*a + 68 = g. What is the units digit of 43*1 - (a - -4)/(-8)?
4
Let r be 117/26 + 3/(-2). Suppose 0 = r*p + 6, p + 3*p - 112 = 4*c. Let n = -17 - c. What is the units digit of n?
3
Suppose -38*q + 225728 = 52806 - 60854. What is the tens digit of q?
5
Suppose -94 = 10*a - 124. Suppose -1195 = -s - 2*c, 0 = -a*s + c + 476 + 3137. What is the units digit of s?
3
Let i(c) = 595*c**2 - 24*c - 9. Let j(v) = -594*v**2 + 24*v + 11. Let u(q) = -6*i(q) - 7*j(q). What is the tens digit of u(-1)?
8
Let y(t) = 4*t - t + 6*t**2 - 47 - 5*t**2 - 33. What is the tens digit of y(24)?
6
Let i(q) = 77*q**2 - 6*q - 3. Let k be i(-5). Suppose 3*j + j = k. Suppose -c + j = 4*y, 0 = 3*y - 2*c + c - 373. What is the hundreds digit of y?
1
Let m = -116 + 124. Let c(v) = 11*v**2 - 8*v - 8. What is the hundreds digit of c(m)?
6
Let j = 14115 - 3843. What is the thousands digit of j?
0
Suppose -26*v - 728 = -24*v. Let x = -63 - v. What is the units digit of x?
1
What is the hundreds digit of -2 - ((-21)/(-9))/((-8)/46344)?
5
Let t